and 1548.
172
What is the greatest common factor of 490 and 99960?
490
Calculate the greatest common divisor of 7 and 19733.
7
Calculate the greatest common factor of 15 and 1005.
15
What is the highest common divisor of 10 and 230?
10
Calculate the greatest common divisor of 46 and 161.
23
What is the greatest common divisor of 4 and 10?
2
What is the highest common divisor of 586 and 2?
2
What is the highest common divisor of 240 and 96?
48
Calculate the greatest common factor of 7 and 29239.
7
Calculate the highest common factor of 12 and 1467.
3
What is the highest common divisor of 1798 and 155?
31
What is the highest common factor of 51 and 7701?
51
Calculate the highest common factor of 12 and 6.
6
What is the greatest common factor of 1620 and 60?
60
What is the greatest common factor of 370 and 11581?
37
What is the greatest common factor of 180 and 17460?
180
Calculate the greatest common factor of 48 and 496.
16
Calculate the highest common divisor of 59976 and 49.
49
What is the greatest common divisor of 22 and 17138?
22
What is the highest common divisor of 18 and 24?
6
What is the highest common factor of 3 and 23?
1
What is the highest common factor of 182 and 65?
13
What is the highest common divisor of 54 and 1593?
27
What is the highest common divisor of 3 and 147?
3
Calculate the greatest common factor of 2511 and 31.
31
Calculate the highest common factor of 135 and 1431.
27
What is the greatest common divisor of 169 and 78?
13
Calculate the greatest common factor of 490 and 250.
10
Calculate the highest common factor of 21 and 56.
7
What is the highest common divisor of 58 and 14906?
58
What is the highest common factor of 114 and 48?
6
Calculate the greatest common factor of 13230 and 196.
98
Calculate the greatest common factor of 55 and 77.
11
What is the greatest common factor of 32 and 736?
32
Calculate the highest common factor of 238 and 21.
7
What is the greatest common factor of 22932 and 189?
63
Calculate the greatest common factor of 220 and 132.
44
Calculate the highest common factor of 16 and 11216.
16
Calculate the highest common divisor of 8 and 332.
4
What is the greatest common divisor of 50 and 300?
50
What is the greatest common divisor of 360 and 80?
40
Calculate the greatest common divisor of 537 and 6.
3
Calculate the highest common factor of 91 and 221.
13
What is the greatest common factor of 7957 and 218?
109
Calculate the greatest common factor of 10 and 6.
2
Calculate the greatest common factor of 8 and 856.
8
Calculate the highest common divisor of 32 and 152.
8
What is the greatest common divisor of 732 and 24?
12
What is the highest common factor of 2 and 163?
1
What is the greatest common factor of 27 and 1098?
9
What is the highest common factor of 253 and 69?
23
Calculate the greatest common factor of 1440 and 135.
45
What is the highest common divisor of 132 and 176?
44
What is the greatest common factor of 25 and 2225?
25
Calculate the greatest common divisor of 85 and 1615.
85
Calculate the highest common factor of 36 and 38196.
36
Calculate the highest common factor of 24 and 36.
12
What is the highest common factor of 6 and 14?
2
What is the greatest common divisor of 292 and 1314?
146
What is the greatest common divisor of 16 and 488?
8
What is the greatest common factor of 176 and 13112?
88
What is the greatest common factor of 210 and 4050?
30
Calculate the greatest common factor of 215 and 160.
5
What is the greatest common factor of 30 and 4?
2
Calculate the highest common factor of 13616 and 185.
37
Calculate the greatest common divisor of 1396 and 12.
4
What is the greatest common factor of 30 and 150?
30
Calculate the greatest common divisor of 390 and 1040.
130
Calculate the greatest common factor of 680 and 920.
40
Calculate the greatest common divisor of 115 and 72565.
115
What is the highest common divisor of 450 and 72?
18
What is the greatest common factor of 56 and 4424?
56
What is the highest common divisor of 132 and 4686?
66
Calculate the greatest common divisor of 372 and 62124.
372
Calculate the greatest common divisor of 435 and 60.
15
What is the highest common divisor of 1490 and 120?
10
What is the greatest common factor of 18 and 4392?
18
What is the greatest common divisor of 9682 and 721?
103
Calculate the highest common factor of 25 and 31175.
25
Calculate the highest common factor of 120 and 122520.
120
Calculate the highest common factor of 1 and 5.
1
Calculate the greatest common divisor of 1199 and 109.
109
What is the highest common factor of 7011 and 738?
369
Calculate the greatest common factor of 1053 and 54.
27
What is the greatest common divisor of 759 and 207?
69
Calculate the greatest common divisor of 2084 and 4.
4
What is the greatest common divisor of 126 and 36?
18
What is the greatest common factor of 49 and 245?
49
What is the highest common factor of 35 and 1015?
35
What is the greatest common divisor of 10465 and 598?
299
Calculate the highest common divisor of 387 and 10019.
43
What is the highest common factor of 13962 and 78?
78
What is the greatest common divisor of 20 and 30?
10
What is the greatest common factor of 48 and 648?
24
Calculate the greatest common divisor of 116 and 16.
4
Calculate the greatest common divisor of 56 and 472.
8
Calculate the greatest common divisor of 10 and 1510.
10
Calculate the greatest common divisor of 32 and 928.
32
Calculate the highest common factor of 116 and 29.
29
Calculate the highest common factor of 159 and 424.
53
Calculate the greatest common divisor of 115 and 161.
23
What is the greatest common divisor of 720 and 90?
90
What is the highest common factor of 319 and 121?
11
What is the greatest common factor of 1098 and 387?
9
What is the greatest common factor of 260 and 715?
65
Calculate the greatest common factor of 120 and 285.
15
Calculate the highest common divisor of 3626 and 74.
74
What is the greatest common divisor of 6 and 63?
3
Calculate the greatest common divisor of 3024 and 486.
54
What is the greatest common factor of 247 and 39?
13
What is the greatest common divisor of 234 and 90?
18
What is the greatest common divisor of 6252 and 24?
12
What is the highest common factor of 486 and 54?
54
What is the highest common divisor of 4494 and 840?
42
Calculate the highest common factor of 23 and 2484.
23
What is the highest common divisor of 80 and 176?
16
What is the greatest common divisor of 24 and 204?
12
What is the highest common factor of 1703 and 6943?
131
Calculate the greatest common divisor of 39 and 3939.
39
Calculate the highest common factor of 2424 and 48.
24
Calculate the highest common factor of 278 and 13205.
139
Calculate the highest common divisor of 26 and 10634.
26
What is the greatest common factor of 76 and 16?
4
What is the greatest common divisor of 165 and 33?
33
Calculate the greatest common divisor of 1110 and 750.
30
What is the highest common factor of 14 and 1134?
14
What is the highest common divisor of 360 and 108?
36
What is the greatest common divisor of 8 and 2248?
8
Calculate the highest common divisor of 2613 and 78.
39
Calculate the highest common divisor of 3068 and 156.
52
Calculate the greatest common factor of 312 and 408.
24
Calculate the highest common factor of 5 and 103.
1
What is the greatest common divisor of 2450 and 11200?
350
Calculate the greatest common divisor of 175 and 8275.
25
Calculate the greatest common divisor of 12 and 6.
6
What is the greatest common divisor of 2146 and 74?
74
What is the greatest common factor of 63 and 10479?
21
Calculate the greatest common factor of 1505 and 70.
35
Calculate the greatest common divisor of 2924 and 68.
68
Calculate the highest common factor of 1232 and 77.
77
Calculate the greatest common divisor of 106 and 2173.
53
What is the greatest common divisor of 1372 and 448?
28
What is the highest common divisor of 62832 and 42?
42
Calculate the highest common factor of 3610 and 19.
19
What is the highest common factor of 469 and 2680?
67
Calculate the greatest common divisor of 12618 and 90.
18
What is the highest common factor of 120 and 12984?
24
What is the greatest common divisor of 3 and 255?
3
Calculate the highest common factor of 70 and 910.
70
What is the greatest common 